{"id":309,"date":"2018-07-12T14:26:37","date_gmt":"2018-07-12T17:26:37","guid":{"rendered":"https:\/\/caruso.000webhostapp.com\/?page_id=309"},"modified":"2022-11-21T13:52:37","modified_gmt":"2022-11-21T16:52:37","slug":"unico","status":"publish","type":"page","link":"https:\/\/labea.ufpr.br\/caocomunitario\/unico\/","title":{"rendered":"Bem-estar \u00fanico"},"content":{"rendered":"<p><span style=\"font-weight: 400;\"><span style=\"color: #000000;\">Bem-estar \u00fanico (BEU) re\u00fane o bem-estar humano, animal e o equil\u00edbrio ambiental. \u00c9 um conceito importante para<\/span> o <a href=\"https:\/\/labea.ufpr.br\/caocomunitario\/programa\/\">Programa do C\u00e3o Comunit\u00e1rio<\/a>, <span style=\"color: #000000;\">pois sustenta sua realiza\u00e7\u00e3o.<\/span><\/span><\/p>\n<p>\u00a0<\/p>\n<p><img decoding=\"async\" loading=\"lazy\" class=\"size-medium wp-image-1965 aligncenter\" src=\"https:\/\/labea.ufpr.br\/caocomunitario\/wp-content\/uploads\/sites\/2\/2022\/11\/saude_unica2_resized-300x230.png\" alt=\"\" width=\"300\" height=\"230\" srcset=\"https:\/\/labea.ufpr.br\/caocomunitario\/wp-content\/uploads\/sites\/2\/2022\/11\/saude_unica2_resized-300x230.png 300w, https:\/\/labea.ufpr.br\/caocomunitario\/wp-content\/uploads\/sites\/2\/2022\/11\/saude_unica2_resized-1024x785.png 1024w, https:\/\/labea.ufpr.br\/caocomunitario\/wp-content\/uploads\/sites\/2\/2022\/11\/saude_unica2_resized-768x589.png 768w, https:\/\/labea.ufpr.br\/caocomunitario\/wp-content\/uploads\/sites\/2\/2022\/11\/saude_unica2_resized-1536x1177.png 1536w, https:\/\/labea.ufpr.br\/caocomunitario\/wp-content\/uploads\/sites\/2\/2022\/11\/saude_unica2_resized-128x98.png 128w, https:\/\/labea.ufpr.br\/caocomunitario\/wp-content\/uploads\/sites\/2\/2022\/11\/saude_unica2_resized-75x57.png 75w, https:\/\/labea.ufpr.br\/caocomunitario\/wp-content\/uploads\/sites\/2\/2022\/11\/saude_unica2_resized.png 1605w\" sizes=\"(max-width: 300px) 100vw, 300px\" \/><\/p>\n<p style=\"text-align: center;\">Esferas de bem-estar humano, animal e equil\u00edbrio ambiental comp\u00f5em o conceito de bem-estar \u00fanico(BE)<\/p>\n<p>\u00a0<\/p>\n<p><span style=\"color: #000000;\">Essas tr\u00eas \u00e1reas, al\u00e9m de interligadas, s\u00e3o interdependentes. Assim, por exemplo, melhorando o bem-estar animal, se pode melhorar o bem-estar humano e ajustar o equil\u00edbrio ambiental.<\/span><\/p>\n<p>\u00a0<\/p>\n<p><span style=\"color: #000000;\">O n\u00facleo central do <strong>Programa C\u00e3o Comunit\u00e1rio<\/strong> encontra-se na esfera de <b>bem-estar animal<\/b>. Entre outros aspectos, o animal recebe cuidados do cuidador e dos veterin\u00e1rios da prefeitura, diminuindo o risco de doen\u00e7as. Com isso tamb\u00e9m diminui o risco de doen\u00e7as para as pessoas, aumentando o <strong>bem-estar humano<\/strong>.<\/span><\/p>\n<p><span style=\"color: #000000;\">C\u00e3es s\u00e3o naturalmente territoriais e tendem a se fixar em um local. Assim, cuidar dos c\u00e3es que est\u00e3o nas ruas \u00e9 uma forma de cuidar do ambiente daquele bairro. A estabiliza\u00e7\u00e3o da popula\u00e7\u00e3o canina melhora o <strong>equil\u00edbrio ambiental<\/strong>. Ao mesmo tempo o Programa C\u00e3o Comunit\u00e1rio diminui nascimentos e contribui para o manejo da popula\u00e7\u00e3o canina.<\/span><\/p>\n<p><span style=\"color: #000000;\">Dessa forma trabalhar com o bem-estar \u00fanico envolve profissionais de diferentes \u00e1reas, como por exemplo as secretarias do meio ambiente e sa\u00fade, integrando demandas genu\u00ednas para aumento do <strong>bem-estar humano<\/strong>, do <strong>bem-estar animal<\/strong> e do <strong>equil\u00edbrio ambiental<\/strong>.<\/span><\/p>\n<p>\u00a0<\/p>\n\n<div class=\"wp-block-image\">\n<figure class=\"aligncenter size-full is-resized\"><img decoding=\"async\" loading=\"lazy\" src=\"https:\/\/labea.ufpr.br\/caocomunitario\/wp-content\/uploads\/sites\/2\/2022\/11\/logo.png\" alt=\"\" class=\"wp-image-1927\" width=\"250\" height=\"250\"\/><\/figure><\/div>","protected":false},"excerpt":{"rendered":"<p>Bem-estar \u00fanico (BEU) re\u00fane o bem-estar humano, animal e o equil\u00edbrio ambiental. \u00c9 um conceito importante para o Programa do C\u00e3o Comunit\u00e1rio, pois sustenta sua [&hellip;]<\/p>\n","protected":false},"author":1,"featured_media":0,"parent":0,"menu_order":0,"comment_status":"closed","ping_status":"closed","template":"","meta":{"_mi_skip_tracking":false},"acf":[],"_links":{"self":[{"href":"https:\/\/labea.ufpr.br\/caocomunitario\/wp-json\/wp\/v2\/pages\/309"}],"collection":[{"href":"https:\/\/labea.ufpr.br\/caocomunitario\/wp-json\/wp\/v2\/pages"}],"about":[{"href":"https:\/\/labea.ufpr.br\/caocomunitario\/wp-json\/wp\/v2\/types\/page"}],"author":[{"embeddable":true,"href":"https:\/\/labea.ufpr.br\/caocomunitario\/wp-json\/wp\/v2\/users\/1"}],"replies":[{"embeddable":true,"href":"https:\/\/labea.ufpr.br\/caocomunitario\/wp-json\/wp\/v2\/comments?post=309"}],"version-history":[{"count":15,"href":"https:\/\/labea.ufpr.br\/caocomunitario\/wp-json\/wp\/v2\/pages\/309\/revisions"}],"predecessor-version":[{"id":1968,"href":"https:\/\/labea.ufpr.br\/caocomunitario\/wp-json\/wp\/v2\/pages\/309\/revisions\/1968"}],"wp:attachment":[{"href":"https:\/\/labea.ufpr.br\/caocomunitario\/wp-json\/wp\/v2\/media?parent=309"}],"curies":[{"name":"wp","href":"https:\/\/api.w.org\/{rel}","templated":true}]}}