{"id":326,"date":"2018-07-12T14:35:15","date_gmt":"2018-07-12T14:35:15","guid":{"rendered":"https:\/\/caruso.000webhostapp.com\/?page_id=318"},"modified":"2022-11-29T11:10:16","modified_gmt":"2022-11-29T14:10:16","slug":"participe","status":"publish","type":"page","link":"https:\/\/labea.ufpr.br\/caocomunitario\/participe\/","title":{"rendered":"Participe"},"content":{"rendered":"<p>Os <a href=\"https:\/\/labea.ufpr.br\/caocomunitario\/caes-comunitarios\/\">c\u00e3es comunit\u00e1rios<\/a> est\u00e3o presentes em diversos lugares da cidade. Busque saber quem s\u00e3o eles e quem s\u00e3o seus cuidadores! Auxilie doando ra\u00e7\u00e3o, cobertas, brinquedos ou itens para as casinhas. Al\u00e9m disso, doe o seu tempo para dar afei\u00e7\u00e3o a esse indiv\u00edduo cheio de amor.<\/p>\n<p>Se voc\u00ea n\u00e3o quiser ou n\u00e3o puder ajudar, respeite! <a href=\"https:\/\/labea.ufpr.br\/caocomunitario\/legislacao\/#vand\">N\u00e3o estrague as casinhas, potinhos nem as sinaliza\u00e7\u00f5es sobre o Programa C\u00e3o Comunit\u00e1rio.<\/a> O c\u00e3es fazem parte da nossa sociedade e, assim, merecem o reconhecimento da sua dignidade, al\u00e9m de serem protegidos por <a href=\"https:\/\/labea.ufpr.br\/caocomunitario\/legislacao\/\">lei<\/a>.<\/p>\n\n<div class=\"wp-block-image\">\n<figure class=\"aligncenter size-full is-resized\"><img decoding=\"async\" loading=\"lazy\" src=\"https:\/\/labea.ufpr.br\/caocomunitario\/wp-content\/uploads\/sites\/2\/2022\/11\/logotipo_fundo_branco_650px.png\" alt=\"\" class=\"wp-image-1934\" width=\"163\" height=\"123\" srcset=\"https:\/\/labea.ufpr.br\/caocomunitario\/wp-content\/uploads\/sites\/2\/2022\/11\/logotipo_fundo_branco_650px.png 650w, https:\/\/labea.ufpr.br\/caocomunitario\/wp-content\/uploads\/sites\/2\/2022\/11\/logotipo_fundo_branco_650px-300x228.png 300w, https:\/\/labea.ufpr.br\/caocomunitario\/wp-content\/uploads\/sites\/2\/2022\/11\/logotipo_fundo_branco_650px-129x98.png 129w, https:\/\/labea.ufpr.br\/caocomunitario\/wp-content\/uploads\/sites\/2\/2022\/11\/logotipo_fundo_branco_650px-75x57.png 75w\" sizes=\"(max-width: 163px) 100vw, 163px\" \/><\/figure><\/div>","protected":false},"excerpt":{"rendered":"<p>Os c\u00e3es comunit\u00e1rios est\u00e3o presentes em diversos lugares da cidade. Busque saber quem s\u00e3o eles e quem s\u00e3o seus cuidadores! Auxilie doando ra\u00e7\u00e3o, cobertas, brinquedos [&hellip;]<\/p>\n","protected":false},"author":1,"featured_media":0,"parent":0,"menu_order":0,"comment_status":"closed","ping_status":"closed","template":"","meta":{"_mi_skip_tracking":false},"acf":[],"_links":{"self":[{"href":"https:\/\/labea.ufpr.br\/caocomunitario\/wp-json\/wp\/v2\/pages\/326"}],"collection":[{"href":"https:\/\/labea.ufpr.br\/caocomunitario\/wp-json\/wp\/v2\/pages"}],"about":[{"href":"https:\/\/labea.ufpr.br\/caocomunitario\/wp-json\/wp\/v2\/types\/page"}],"author":[{"embeddable":true,"href":"https:\/\/labea.ufpr.br\/caocomunitario\/wp-json\/wp\/v2\/users\/1"}],"replies":[{"embeddable":true,"href":"https:\/\/labea.ufpr.br\/caocomunitario\/wp-json\/wp\/v2\/comments?post=326"}],"version-history":[{"count":6,"href":"https:\/\/labea.ufpr.br\/caocomunitario\/wp-json\/wp\/v2\/pages\/326\/revisions"}],"predecessor-version":[{"id":2033,"href":"https:\/\/labea.ufpr.br\/caocomunitario\/wp-json\/wp\/v2\/pages\/326\/revisions\/2033"}],"wp:attachment":[{"href":"https:\/\/labea.ufpr.br\/caocomunitario\/wp-json\/wp\/v2\/media?parent=326"}],"curies":[{"name":"wp","href":"https:\/\/api.w.org\/{rel}","templated":true}]}}

<p>Os <a href="https://labea.ufpr.br/caocomunitario/caes-comunitarios/">cães comunitários</a> estão presentes em diversos lugares da cidade. Busque saber quem são eles e quem são seus cuidadores! Auxilie doando ração, cobertas, brinquedos ou itens para as casinhas. Além disso, doe o seu tempo para dar afeição a esse indivíduo cheio de amor.</p>
<p>Se você não quiser ou não puder ajudar, respeite! <a href="https://labea.ufpr.br/caocomunitario/legislacao/#vand">Não estrague as casinhas, potinhos nem as sinalizações sobre o Programa Cão Comunitário.</a> O cães fazem parte da nossa sociedade e, assim, merecem o reconhecimento da sua dignidade, além de serem protegidos por <a href="https://labea.ufpr.br/caocomunitario/legislacao/">lei</a>.</p>

<div class="wp-block-image">
<figure class="aligncenter size-full is-resized"><img decoding="async" loading="lazy" src="https://labea.ufpr.br/caocomunitario/wp-content/uploads/sites/2/2022/11/logotipo_fundo_branco_650px.png" alt="" class="wp-image-1934" width="163" height="123" srcset="https://labea.ufpr.br/caocomunitario/wp-content/uploads/sites/2/2022/11/logotipo_fundo_branco_650px.png 650w, https://labea.ufpr.br/caocomunitario/wp-content/uploads/sites/2/2022/11/logotipo_fundo_branco_650px-300x228.png 300w, https://labea.ufpr.br/caocomunitario/wp-content/uploads/sites/2/2022/11/logotipo_fundo_branco_650px-129x98.png 129w, https://labea.ufpr.br/caocomunitario/wp-content/uploads/sites/2/2022/11/logotipo_fundo_branco_650px-75x57.png 75w" sizes="(max-width: 163px) 100vw, 163px" /></figure></div>

<p>Os cães comunitários estão presentes em diversos lugares da cidade. Busque saber quem são eles e quem são seus cuidadores! Auxilie doando ração, cobertas, brinquedos [&hellip;]</p>
