{"id":327,"date":"2018-07-12T14:37:23","date_gmt":"2018-07-12T14:37:23","guid":{"rendered":"https:\/\/caruso.000webhostapp.com\/?page_id=320"},"modified":"2019-08-21T17:28:17","modified_gmt":"2019-08-21T20:28:17","slug":"programa","status":"publish","type":"page","link":"https:\/\/labea.ufpr.br\/caocomunitario\/programa\/","title":{"rendered":"Programa C\u00e3o Comunit\u00e1rio"},"content":{"rendered":"<p><img decoding=\"async\" loading=\"lazy\" class=\"aligncenter size-full wp-image-1620\" src=\"https:\/\/labea.ufpr.br\/caocomunitario\/wp-content\/uploads\/sites\/2\/2019\/08\/logotipo_fundo_branco_650px.png\" alt=\"\" width=\"650\" height=\"493\" \/><\/p>\n<p>Quem nunca viu um c\u00e3o abandonado na rua? Existem muitos c\u00e3es nessa situa\u00e7\u00e3o e eles necessitam de aten\u00e7\u00e3o. Por isso, o Programa C\u00e3o Comunit\u00e1rio busca estreitar la\u00e7os entre c\u00e3es que vivem nas ruas e pessoas que tomam conta deles, seus cuidadores.<\/p>\n<p>O reconhecimento de que esses c\u00e3es s\u00e3o cidad\u00e3os e fazem parte da nossa sociedade possibilita oferecer condi\u00e7\u00f5es m\u00ednimas de qualidade de vida, um ambiente e uma conviv\u00eancia mais harm\u00f4nica entre c\u00e3es e seres humanos.<\/p>\n<p>Quanto maior o bem-estar, qualidade e expectativa de vida desses c\u00e3es, maior a sa\u00fade e o bem-estar humano tamb\u00e9m. <strong>O Programa C\u00e3o Comunit\u00e1rio \u00e9 uma estrat\u00e9gia que busca\u00a0 extinguir o abandono<\/strong>\u00a0por meio de cuidados para os c\u00e3es e de um controle populacional que est\u00e1 sustentado em tr\u00eas bases. S\u00e3o elas:<\/p>\n<p><strong>1 &#8211; Conhecer o n\u00famero de castra\u00e7\u00f5es necess\u00e1rias<\/strong> para que as metas desejadas, com planejamento te\u00f3rico e em base cient\u00edfica, sejam atingidas. S\u00e3o necess\u00e1rios dados para que o n\u00famero de castra\u00e7\u00f5es seja calculado e ele depende de uma ampla pesquisa, envolvendo tamanho da popula\u00e7\u00e3o canina, censo de guarda respons\u00e1vel, migra\u00e7\u00e3o, entre outros. <a href=\"https:\/\/labea.ufpr.br\/caocomunitario\/simulador.html\/\">Confira nosso Simulador do Impacto da Castra\u00e7\u00e3o!<\/a>;<br \/>\n<strong>2 &#8211; Educa\u00e7\u00e3o <\/strong>sobre\u00a0<a href=\"https:\/\/labea.ufpr.br\/caocomunitario\/guarda-responsavel\/\">guarda respons\u00e1vel<\/a>, divulgando as metas do munic\u00edpio para fomentar a contribui\u00e7\u00e3o da popula\u00e7\u00e3o;<br \/>\n<strong>3 &#8211; Legisla\u00e7\u00e3o<\/strong>\u00a0para coibir o abandono, promover a guarda respons\u00e1vel e o respeito aos c\u00e3es comunit\u00e1rios.<\/p>\n","protected":false},"excerpt":{"rendered":"<p>Quem nunca viu um c\u00e3o abandonado na rua? Existem muitos c\u00e3es nessa situa\u00e7\u00e3o e eles necessitam de aten\u00e7\u00e3o. Por isso, o Programa C\u00e3o Comunit\u00e1rio busca [&hellip;]<\/p>\n","protected":false},"author":1,"featured_media":0,"parent":0,"menu_order":0,"comment_status":"closed","ping_status":"closed","template":"","meta":{"_mi_skip_tracking":false},"acf":[],"_links":{"self":[{"href":"https:\/\/labea.ufpr.br\/caocomunitario\/wp-json\/wp\/v2\/pages\/327"}],"collection":[{"href":"https:\/\/labea.ufpr.br\/caocomunitario\/wp-json\/wp\/v2\/pages"}],"about":[{"href":"https:\/\/labea.ufpr.br\/caocomunitario\/wp-json\/wp\/v2\/types\/page"}],"author":[{"embeddable":true,"href":"https:\/\/labea.ufpr.br\/caocomunitario\/wp-json\/wp\/v2\/users\/1"}],"replies":[{"embeddable":true,"href":"https:\/\/labea.ufpr.br\/caocomunitario\/wp-json\/wp\/v2\/comments?post=327"}],"version-history":[{"count":19,"href":"https:\/\/labea.ufpr.br\/caocomunitario\/wp-json\/wp\/v2\/pages\/327\/revisions"}],"predecessor-version":[{"id":1719,"href":"https:\/\/labea.ufpr.br\/caocomunitario\/wp-json\/wp\/v2\/pages\/327\/revisions\/1719"}],"wp:attachment":[{"href":"https:\/\/labea.ufpr.br\/caocomunitario\/wp-json\/wp\/v2\/media?parent=327"}],"curies":[{"name":"wp","href":"https:\/\/api.w.org\/{rel}","templated":true}]}}

Programa Cão Comunitário

<p><img decoding="async" loading="lazy" class="aligncenter size-full wp-image-1620" src="https://labea.ufpr.br/caocomunitario/wp-content/uploads/sites/2/2019/08/logotipo_fundo_branco_650px.png" alt="" width="650" height="493" /></p>
<p>Quem nunca viu um cão abandonado na rua? Existem muitos cães nessa situação e eles necessitam de atenção. Por isso, o Programa Cão Comunitário busca estreitar laços entre cães que vivem nas ruas e pessoas que tomam conta deles, seus cuidadores.</p>
<p>O reconhecimento de que esses cães são cidadãos e fazem parte da nossa sociedade possibilita oferecer condições mínimas de qualidade de vida, um ambiente e uma convivência mais harmônica entre cães e seres humanos.</p>
<p>Quanto maior o bem-estar, qualidade e expectativa de vida desses cães, maior a saúde e o bem-estar humano também. <strong>O Programa Cão Comunitário é uma estratégia que busca  extinguir o abandono</strong> por meio de cuidados para os cães e de um controle populacional que está sustentado em três bases. São elas:</p>
<p><strong>1 &#8211; Conhecer o número de castrações necessárias</strong> para que as metas desejadas, com planejamento teórico e em base científica, sejam atingidas. São necessários dados para que o número de castrações seja calculado e ele depende de uma ampla pesquisa, envolvendo tamanho da população canina, censo de guarda responsável, migração, entre outros. <a href="https://labea.ufpr.br/caocomunitario/simulador.html/">Confira nosso Simulador do Impacto da Castração!</a>;<br />
<strong>2 &#8211; Educação </strong>sobre <a href="https://labea.ufpr.br/caocomunitario/guarda-responsavel/">guarda responsável</a>, divulgando as metas do município para fomentar a contribuição da população;<br />
<strong>3 &#8211; Legislação</strong> para coibir o abandono, promover a guarda responsável e o respeito aos cães comunitários.</p>

<p>Quem nunca viu um cão abandonado na rua? Existem muitos cães nessa situação e eles necessitam de atenção. Por isso, o Programa Cão Comunitário busca [&hellip;]</p>
