{"id":481,"date":"2018-10-01T14:57:03","date_gmt":"2018-10-01T17:57:03","guid":{"rendered":"https:\/\/caruso.000webhostapp.com\/?page_id=481"},"modified":"2022-11-29T10:52:21","modified_gmt":"2022-11-29T13:52:21","slug":"como-funciona","status":"publish","type":"page","link":"https:\/\/labea.ufpr.br\/caocomunitario\/como-funciona\/","title":{"rendered":"Como funciona?"},"content":{"rendered":"\n<p>O Programa C\u00e3o Comunit\u00e1rio consiste na rela\u00e7\u00e3o entre o<a href=\"https:\/\/labea.ufpr.br\/caocomunitario\/como-funciona\/#cc\"> c\u00e3o comunit\u00e1rio<\/a>, o<a href=\"https:\/\/labea.ufpr.br\/caocomunitario\/como-funciona\/#cdd\">\u00a0cuidador<\/a> e a<a href=\"https:\/\/labea.ufpr.br\/caocomunitario\/como-funciona\/#pref\"> prefeitura<\/a>. Cada um tem fun\u00e7\u00f5es espec\u00edficas para que o Programa funcione.<\/p>\n\n\n\n<p><\/p>\n\n\n\n<p class=\"has-text-align-left\"><strong>C\u00c3ES COMUNIT\u00c1RIOS<\/strong><\/p>\n\n\n<div class=\"wp-block-image\">\n<figure class=\"aligncenter size-large is-resized\"><img decoding=\"async\" loading=\"lazy\" src=\"https:\/\/labea.ufpr.br\/caocomunitario\/wp-content\/uploads\/sites\/2\/2022\/11\/logotipo_chamada_caes-1-1024x437.jpg\" alt=\"\" class=\"wp-image-2014\" width=\"768\" height=\"328\" srcset=\"https:\/\/labea.ufpr.br\/caocomunitario\/wp-content\/uploads\/sites\/2\/2022\/11\/logotipo_chamada_caes-1-1024x437.jpg 1024w, https:\/\/labea.ufpr.br\/caocomunitario\/wp-content\/uploads\/sites\/2\/2022\/11\/logotipo_chamada_caes-1-300x128.jpg 300w, https:\/\/labea.ufpr.br\/caocomunitario\/wp-content\/uploads\/sites\/2\/2022\/11\/logotipo_chamada_caes-1-768x328.jpg 768w, https:\/\/labea.ufpr.br\/caocomunitario\/wp-content\/uploads\/sites\/2\/2022\/11\/logotipo_chamada_caes-1-175x75.jpg 175w, https:\/\/labea.ufpr.br\/caocomunitario\/wp-content\/uploads\/sites\/2\/2022\/11\/logotipo_chamada_caes-1-75x32.jpg 75w, https:\/\/labea.ufpr.br\/caocomunitario\/wp-content\/uploads\/sites\/2\/2022\/11\/logotipo_chamada_caes-1.jpg 1349w\" sizes=\"(max-width: 768px) 100vw, 768px\" \/><\/figure><\/div>\n\n\n<p>Os c\u00e3es que participam desse Programa s\u00e3o chamados de <strong>c\u00e3es comunit\u00e1rios<\/strong>. Um cachorro candidato a ser comunit\u00e1rio:<\/p>\n\n\n\n<ul>\n<li>deve estar estabelecido na regi\u00e3o em um per\u00edodo m\u00ednimo de 6 meses a 1 ano (dependendo do munic\u00edpio);<\/li>\n\n\n\n<li>deve ser alimentado por um ou mais cuidadores locais;<\/li>\n\n\n\n<li>n\u00e3o deve ser agressivo<\/li>\n<\/ul>\n\n\n<div class=\"wp-block-image\">\n<figure class=\"aligncenter size-large is-resized\"><img decoding=\"async\" loading=\"lazy\" src=\"https:\/\/labea.ufpr.br\/caocomunitario\/wp-content\/uploads\/sites\/2\/2022\/11\/20-1024x576.jpg\" alt=\"\" class=\"wp-image-2020\" width=\"256\" height=\"144\" srcset=\"https:\/\/labea.ufpr.br\/caocomunitario\/wp-content\/uploads\/sites\/2\/2022\/11\/20-1024x576.jpg 1024w, https:\/\/labea.ufpr.br\/caocomunitario\/wp-content\/uploads\/sites\/2\/2022\/11\/20-300x169.jpg 300w, https:\/\/labea.ufpr.br\/caocomunitario\/wp-content\/uploads\/sites\/2\/2022\/11\/20-768x432.jpg 768w, https:\/\/labea.ufpr.br\/caocomunitario\/wp-content\/uploads\/sites\/2\/2022\/11\/20-175x98.jpg 175w, https:\/\/labea.ufpr.br\/caocomunitario\/wp-content\/uploads\/sites\/2\/2022\/11\/20-75x42.jpg 75w, https:\/\/labea.ufpr.br\/caocomunitario\/wp-content\/uploads\/sites\/2\/2022\/11\/20.jpg 1228w\" sizes=\"(max-width: 256px) 100vw, 256px\" \/><\/figure><\/div>\n\n\n<p><strong>CUIDADORES<\/strong><\/p>\n\n\n\n<p>Os cuidadores s\u00e3o as pessoas pr\u00f3ximas aos c\u00e3es comunit\u00e1rios, que criaram um v\u00ednculo afetivo e buscam manter sua alimenta\u00e7\u00e3o e outros cuidados. Uma triagem \u00e9 realizada quando um c\u00e3o candidato a ser comunit\u00e1rio \u00e9 reconhecido pelos cuidadores e pela prefeitura, diretamente ou por meio da secretaria municipal de sa\u00fade ou pela secretaria municipal do meio ambiente. Um ou mais cuidadores, dependendo da estrat\u00e9gia adotado pelo munic\u00edpio, devem assinar um termo de compromisso que os responsabiliza:<\/p>\n\n\n\n<ul>\n<li>pela alimenta\u00e7\u00e3o di\u00e1ria do animal;<\/li>\n\n\n\n<li>por fornecer diariamente \u00e1gua limpa;<\/li>\n\n\n\n<li>pelo fornecimento de um abrigo, na forma de casinha ou equivalente;<\/li>\n\n\n\n<li>por avisar o \u00f3rg\u00e3o governamental respons\u00e1vel pelo Programa quando o c\u00e3o necessitar de cuidados cl\u00ednicos;<\/li>\n\n\n\n<li>por administrar medica\u00e7\u00f5es que o \u00f3rg\u00e3o governamental dispuser, se necess\u00e1rio, para cuidados com o c\u00e3o.<\/li>\n<\/ul>\n\n\n\n<p><a href=\"https:\/\/labea.ufpr.br\/caocomunitario\/participe\/\">A comunidade de um bairro, da qual o cuidador faz parte, tamb\u00e9m pode auxiliar nos cuidados desses c\u00e3es.<\/a> Assim, a comunidade tamb\u00e9m pode fazer parte do Programa.<\/p>\n\n\n\n<p><\/p>\n\n\n\n<p><\/p>\n\n\n\n<p><strong>PREFEITURA<\/strong><\/p>\n\n\n\n<p>A prefeitura, direta ou indiretamente via secretarias, viabiliza m\u00e9dicos veterin\u00e1rios para que a sa\u00fade do animal seja atendida e monitorada. A prefeitura fica respons\u00e1vel por:<\/p>\n\n\n\n<ul>\n<li>identificar e registrar o c\u00e3o;<\/li>\n\n\n\n<li>vacinar;<\/li>\n\n\n\n<li>tratar com antiparasit\u00e1rios (antipulgas, anticarrapatos e verm\u00edfugos);<\/li>\n\n\n\n<li>castrar cirurgicamente.<\/li>\n<\/ul>\n\n\n\n<p>O \u00f3rg\u00e3o governamental respons\u00e1vel, normalmente vinculado a secretaria municipal de sa\u00fade ou a secretaria municipal do meio ambiente, deve:<\/p>\n\n\n\n<ul>\n<li>manter contato peri\u00f3dico com os cuidadores;<\/li>\n\n\n\n<li>fazer vacina\u00e7\u00f5es peri\u00f3dicas;<\/li>\n\n\n\n<li>fazer o tratamento antiparasit\u00e1rio peri\u00f3dico;<\/li>\n\n\n\n<li>administrar medica\u00e7\u00f5es para tratamentos ou fornecer para o cuidador as administrar;<\/li>\n\n\n\n<li>fazer visitas peri\u00f3dicas para averiguar o estado de sa\u00fade dos animais.<\/li>\n<\/ul>\n\n\n\n<p><\/p>\n","protected":false},"excerpt":{"rendered":"<p>O Programa C\u00e3o Comunit\u00e1rio consiste na rela\u00e7\u00e3o entre o c\u00e3o comunit\u00e1rio, o\u00a0cuidador e a prefeitura. Cada um tem fun\u00e7\u00f5es espec\u00edficas para que o Programa funcione. [&hellip;]<\/p>\n","protected":false},"author":1,"featured_media":0,"parent":0,"menu_order":0,"comment_status":"closed","ping_status":"closed","template":"","meta":{"_mi_skip_tracking":false},"acf":[],"_links":{"self":[{"href":"https:\/\/labea.ufpr.br\/caocomunitario\/wp-json\/wp\/v2\/pages\/481"}],"collection":[{"href":"https:\/\/labea.ufpr.br\/caocomunitario\/wp-json\/wp\/v2\/pages"}],"about":[{"href":"https:\/\/labea.ufpr.br\/caocomunitario\/wp-json\/wp\/v2\/types\/page"}],"author":[{"embeddable":true,"href":"https:\/\/labea.ufpr.br\/caocomunitario\/wp-json\/wp\/v2\/users\/1"}],"replies":[{"embeddable":true,"href":"https:\/\/labea.ufpr.br\/caocomunitario\/wp-json\/wp\/v2\/comments?post=481"}],"version-history":[{"count":24,"href":"https:\/\/labea.ufpr.br\/caocomunitario\/wp-json\/wp\/v2\/pages\/481\/revisions"}],"predecessor-version":[{"id":2021,"href":"https:\/\/labea.ufpr.br\/caocomunitario\/wp-json\/wp\/v2\/pages\/481\/revisions\/2021"}],"wp:attachment":[{"href":"https:\/\/labea.ufpr.br\/caocomunitario\/wp-json\/wp\/v2\/media?parent=481"}],"curies":[{"name":"wp","href":"https:\/\/api.w.org\/{rel}","templated":true}]}}